2*l + 47. Let p = l + -27. What is the remainder when p is divided by 11?
9
Suppose -48 = -6*a + 3*a - 3*u, -u + 46 = 3*a. Calculate the remainder when 44 is divided by a.
14
Let l(z) = -6*z**3 + 4*z**2 + 5*z + 5. Calculate the remainder when l(-2) is divided by (15/(-2))/3*-6.
14
Suppose 0*p - 3*p + 36 = 0. Calculate the remainder when (1 - 2/(-12)*-4)*138 is divided by p.
10
Suppose -291 = -5*k + 104. What is the remainder when k is divided by 10?
9
Let l = 23 - 18. What is the remainder when 12 is divided by l?
2
Let g = 4 + 1. Suppose g*l + o = 88, -5*o + o = l - 29. What is the remainder when l is divided by 10?
7
Suppose 2*f + 0*f + 2 = 0. Calculate the remainder when 22/(1/f*-1) is divided by 12.
10
Suppose 0 = -0*v + 3*v + 2*i - 17, -5*v - 4*i = -29. Suppose d = 0, z + 2*z - 3*d - 15 = 0. What is the remainder when z is divided by (-2)/4 - v/(-2)?
1
Suppose -3*s - 24 = -5*r - 0, -2*r + 5*s + 21 = 0. Suppose r*w = -5*i + 88, -3*i = -5*w + 52 + 140. What is the remainder when w is divided by 19?
17
Let y = 2 - 0. Suppose p - b = 2*b + 9, 4*p - 64 = -2*b. What is the remainder when (-29)/(y - (-2 - -5)) is divided by p?
14
Let v(h) = 2*h**3 + 2*h**2 + h + 2. What is the remainder when v(3) is divided by 13?
12
Suppose -3*o = 5*p - 14, 0 = -o - 0*o - 4*p + 7. Let c = o - 9. Let j(f) = 2*f**2 + 4*f + 8. What is the remainder when j(c) is divided by 19?
18
Suppose 5*a - 89 = 6. What is the remainder when a is divided by 5?
4
Let p be ((-4)/(-6))/((-4)/(-48)). Suppose -p*o = -3*o - 65. Suppose 2*q = -0*q + 10. Calculate the remainder when o is divided by q.
3
Let g = 4 - 1. Calculate the remainder when 19 is divided by 0 - g - 10*-1.
5
Suppose -72 = -4*p - 4*l, p = -p - l + 41. Let m be -8*6*(-1)/4. Suppose -2*b - 5*t = -b - 32, 3*t + m = 2*b. Calculate the remainder when p is divided by b.
11
Let d(n) = -52*n - 2. Suppose -6 = -0*r + 3*r. Let p be d(r). Suppose -p = 2*g - 5*g. What is the remainder when g is divided by 12?
10
Let s(p) = 12*p**2 - p. Calculate the remainder when 25 is divided by s(-1).
12
Suppose 2*a = r + r - 10, 5 = r. Suppose -2*i + a*i = -88. What is the remainder when i is divided by 9?
8
Let w = 66 + -52. Let l(u) = 2*u**2 - u - 1. What is the remainder when w is divided by l(2)?
4
Suppose -2*r = -8, z = -2*r - 2*r + 55. Suppose -p + 20 = 2*j, p - 5*j - 2 = -17. What is the remainder when z is divided by p?
9
Let k(y) = -2*y**2 - 26*y - 33. Calculate the remainder when 128 is divided by k(-10).
20
Let q be (6/(-4))/(12/(-16)). Suppose 3*h - 5*p = 50, -5*h = -0*p + q*p - 73. What is the remainder when 29 is divided by h?
14
Suppose 5*v = 9*v - 108. Calculate the remainder when v is divided by 14.
13
Let f(i) = -i**3 - 8*i**2 - 10*i - 11. What is the remainder when f(-8) is divided by 18?
15
Let d(y) = y**2 + 3*y - 7. What is the remainder when d(6) is divided by (-2)/(-8) - 47/(-4)?
11
Let d(q) = -q + 11. Let l be d(0). Let w(i) = -i**2 + 12*i - 10. What is the remainder when 0 + (1 - 0/1) is divided by w(l)?
0
Let s(g) = -6*g**2 - g - g**3 + 2 + 3 - 5*g. Let z = 98 + -70. What is the remainder when z is divided by s(-5)?
8
Let p = 29 + -13. Suppose -7 + 67 = v. Let r = v - 30. What is the remainder when r is divided by p?
14
Let r(o) = -o**3 + o**2 + o. Let q be r(3). Calculate the remainder when 21 is divided by -10*(0 - (-18)/q).
9
Let k = 11 - 1. Let d = 22 - k. Let r = 78 + -55. Calculate the remainder when r is divided by d.
11
Suppose 4*o - 76 - 36 = 0. Suppose -4*b = -24 - o. Calculate the remainder when 50 is divided by b.
11
Let o(b) = -5*b + 1. Let t be o(2). Let v = 33 - t. What is the remainder when 14 is divided by 1/(-4) + v/8?
4
Let v(l) = -l + 49. What is the remainder when 142 is divided by v(12)?
31
Let w be 5/((-3)/3 - -2). Let u be (-916)/(-9) + (-4)/(-18). Calculate the remainder when u/w - (-2)/(-5) is divided by 7.
6
Suppose o = -4*o + z + 6, -5*z = 5*o. What is the remainder when 13 is divided by 45/6 + o/(-2)?
6
Suppose -40 = -2*n + 2*t, t + 3*t = -4. Calculate the remainder when 71 is divided by n.
14
Let g(r) = 2*r**2 - r - 11. Suppose 3*o = -l + 293, 0*o - 4*l - 200 = -2*o. What is the remainder when o is divided by g(-4)?
23
Let z(c) = -c + 5. Suppose 0*q = 4*q - 20. Let p be z(q). Suppose u + u - 40 = p. What is the remainder when u is divided by 7?
6
Let n(d) = -3*d - 1. Let g be n(-8). Let l = 13 - g. Let v = 27 + l. Calculate the remainder when 49 is divided by v.
15
Suppose -7 - 1 = -2*m. Suppose 110 = m*f - 42. Calculate the remainder when f is divided by 20.
18
Suppose 2*s - 10 = 4*m, 14 = -2*s - 9*m + 5*m. Let d = -1 - s. Suppose 3*x + d*x = 87. Calculate the remainder when x is divided by 10.
9
Calculate the remainder when 22 is divided by -1*296/(-36) + (-2)/9.
6
Let t be 1/(-4)*(-12)/(-3). What is the remainder when 1*(-2 - 7)*t is divided by 3?
0
Let y(d) = d**2 - 8*d + 10. Let w be y(7). Suppose -w*b + 5 + 25 = 0. Calculate the remainder when 28 is divided by b.
8
Let u(d) be the first derivative of -d**4 + d**3/3 + d**2/2 - d + 2. Calculate the remainder when u(-2) is divided by 12.
9
Suppose p - 6*p + 5 = 0, c = p - 8. Let t(y) = y**2 + 6*y - 1. Calculate the remainder when 23 is divided by t(c).
5
Suppose -b = 2*s, -2*s - 14 = s + 5*b. Let d be 1*(-3)/(-2)*30. Suppose 3*w = -s*w + d. Calculate the remainder when 17 is divided by w.
8
Suppose 0 = 2*s + 2*z - 4*z - 34, -z = -3*s + 61. Let h(x) be the first derivative of -x**2 + 2*x - 3. Calculate the remainder when s is divided by h(-3).
6
Let v be -2*(185/2 - -1). What is the remainder when v/(-5) + (-4)/10 is divided by 19?
18
Let k(o) = -o**2 - 7*o - 1. Calculate the remainder when 4/(-12) - (-124)/3 is divided by k(-4).
8
Let z = 41 + -18. Calculate the remainder when z is divided by 4*(24/(-3))/(-4).
7
Suppose 0 = 3*j + 4*t - 6, -6*t - 3 = j - 3*t. Suppose j*n = 4*n + 64. What is the remainder when 63 is divided by n?
31
Let j(f) = -f**3 - 3*f**2 - 7. Suppose 6 = -b + 2. Let v(i) = 3*i**2 + 6*i + 2. What is the remainder when v(-4) is divided by j(b)?
8
Let g(m) = -8*m**3 - 2*m**2 - 3*m - 1. Let z = 26 + -18. Let c(i) = 3*i - 2. What is the remainder when c(z) is divided by g(-1)?
6
Suppose 6*c = 20 - 14. What is the remainder when c is divided by (1/(-3))/(-1)*3?
0
Suppose -2*y = -7*y + 210. What is the remainder when y is divided by 15?
12
Suppose -2*d = -48 - 28. Let n = d + -14. Let h(m) = -2*m + 1. Calculate the remainder when n is divided by h(-6).
11
Calculate the remainder when 50 is divided by (4/(-5))/((-4)/130).
24
Suppose 0 = 5*u - l - 37, 6 = -5*l - 4. Suppose -5*g = -3*x + 1360 - 180, -1140 = -3*x - 3*g. What is the remainder when x/20 - (-1)/(-4) is divided by u?
5
Let m = -36 + 23. Let i = m + 21. Suppose 4*j = -0*w + 2*w + 152, i = 4*w. What is the remainder when j is divided by 14?
11
Suppose -4*u - 5*c - 5 = u, 0 = u - 3*c - 15. Calculate the remainder when (-4)/(-6) - (-31)/u is divided by 3.
2
Let x(h) = 9*h + 4. Let c be x(4). Let q = 67 - c. Let z(d) = 3*d - 29. What is the remainder when q is divided by z(12)?
6
Let h be 10/3 - 3/9. Let o be (4/3)/((-2)/(-6)). What is the remainder when 1 is divided by (o/6)/(2/h)?
0
Suppose 2*j = -1 - 1. Let g(h) = 22*h**2 + 1. Calculate the remainder when g(j) is divided by 12.
11
Suppose 8*k - 560 = 3*k. Calculate the remainder when k is divided by 23.
20
What is the remainder when 171/6 - (-3)/(-6) is divided by 10?
8
Let u(o) = o - 5. Let j be u(5). Let p(d) = 13 - 2*d + d + 2*d. What is the remainder when 25 is divided by p(j)?
12
What is the remainder when (21/(-6))/((-3)/12) is divided by 8?
6
Let t(y) = 4*y - y**3 + 4*y**2 + 4*y - 2*y - 4. What is the remainder when t(4) is divided by 7?
6
Suppose 25 = 2*t - 3*h, -t + 22 - 8 = -h. What is the remainder when 259/4 - -3*(-2)/(-24) is divided by t?
14
Let h = 144 - 138. What is the remainder when 21 is divided by h?
3
Suppose 5*o - 12 = o. Let a be (-2 + 1)/((-2)/74). Suppose a = o*g - 5. Calculate the remainder when g is divided by 5.
4
Calculate the remainder when 33 is divided by ((-17)/(-4) - 2)*4.
6
Let w = 81 - 64. Suppose 0 = 2*j - 3*j + 33. Calculate the remainder when j is divided by w.
16
Suppose 3*i + 8 = 7*i. Let j be ((-3)/4)/(3/(-12)). Suppose -j*o = -i*o - 8. What is the remainder when 15 i